n base 10, what is 1 + -56182129?
-56182128
In base 9, what is 6464 - 75482?
-68017
In base 8, what is 50 - -11057221?
11057271
In base 9, what is -1 - 4348636?
-4348637
In base 7, what is -200 - 221112?
-221312
In base 3, what is -122210021111000 - 2?
-122210021111002
In base 6, what is -211210 + 122305?
-44501
In base 5, what is -320301 - 100420?
-421221
In base 4, what is -112 - 112313312?
-112320030
In base 5, what is 3443043431 + 1?
3443043432
In base 14, what is -24a - 249bd?
-24c29
In base 2, what is -110101000 + -110000101100011?
-110001100001011
In base 4, what is 22013031213 - 0?
22013031213
In base 13, what is 1477 + -18529?
-17082
In base 14, what is -a9ab06 - 22?
-a9ab28
In base 13, what is -53b5 - -b15?
-45a0
In base 13, what is 5 + 4005bc24?
4005bc29
In base 12, what is -3 - 61b498?
-61b49b
In base 12, what is -2131b67 - 5?
-2131b70
In base 2, what is -100110011110010110 - -1011010?
-100110011100111100
In base 8, what is -71403 - -7?
-71374
In base 7, what is -1634636066 + 4?
-1634636062
In base 9, what is -6273 + -2821?
-10204
In base 11, what is 19442606 + 11?
19442617
In base 2, what is 11010110111111010111001 - 101?
11010110111111010110100
In base 11, what is -7a953a - -1?
-7a9539
In base 8, what is 33410 - 1717?
31471
In base 4, what is -2 - 110021310213?
-110021310221
In base 8, what is 172011136 - 76?
172011040
In base 12, what is -154772 + 10a?
-154664
In base 7, what is -426414411 - 23?
-426414434
In base 4, what is -1210221330 - 20011?
-1210302001
In base 8, what is 457 + -1175?
-516
In base 8, what is 53275 + 1112?
54407
In base 2, what is 11 - 101011010011101010111010?
-101011010011101010110111
In base 12, what is -9b54b74 + -3?
-9b54b77
In base 14, what is -a + 1b9097a?
1b90970
In base 9, what is 27834776 + 6?
27834783
In base 16, what is 2a76d + d?
2a77a
In base 6, what is -31 + 23420225?
23420154
In base 15, what is -2 + 57bae99?
57bae97
In base 7, what is 2 + 1014015656?
1014015661
In base 5, what is -1123443 - 4224?
-1133222
In base 5, what is -3231404 - -322230?
-2404124
In base 9, what is 43222277 + 3?
43222281
In base 5, what is -11 - 120032003141?
-120032003202
In base 2, what is -110011111 - -100001111110100100?
100001111000000101
In base 14, what is -3c3 + 78bb?
74d8
In base 7, what is 2462165 - 3656?
2455206
In base 14, what is 2d5 - -170b?
1a02
In base 5, what is -4 + 10444423?
10444414
In base 10, what is -5305 + 14?
-5291
In base 7, what is -2210 + -3451?
-5661
In base 7, what is 1614563 + 5544?
1623440
In base 5, what is 4011 - 14141?
-10130
In base 14, what is 1 + 201c85?
201c86
In base 9, what is 563 + 31238?
31812
In base 8, what is 13412206 - -40?
13412246
In base 11, what is 88a72 + 35?
88aa7
In base 3, what is -212101 - 222002211012?
-222010200120
In base 2, what is 101011110011110 + 11100100101?
101111011000011
In base 8, what is -164 + 160205?
160021
In base 10, what is -496136 + 248?
-495888
In base 12, what is -2 - -40250b?
402509
In base 13, what is 577383 + 0?
577383
In base 5, what is -4 - -2042112204?
2042112200
In base 6, what is 5 - -3233031503?
3233031512
In base 4, what is -133213 + 10231030?
10031211
In base 7, what is 205 + -42424253?
-42424045
In base 14, what is 81da4ab - -3?
81da4b0
In base 3, what is -10000100 + 200011?
-2100012
In base 3, what is 212010002210 + -212?
212010001221
In base 13, what is -4513721 - -3?
-451371b
In base 2, what is -110 - 110011011101110011110?
-110011011101110100100
In base 9, what is 1773744 + 7?
1773752
In base 15, what is 31e75 - -11d?
32093
In base 9, what is -5600 + 441?
-5148
In base 12, what is 5279 - -69?
5326
In base 13, what is -9 + 775b4a1?
775b495
In base 11, what is -13a2869 + 5?
-13a2864
In base 9, what is -7534 + -211?
-7745
In base 12, what is 213 + -20bb66?
-20b953
In base 12, what is -5 + 2847858?
2847853
In base 2, what is 1 - 1001100000001101101101?
-1001100000001101101100
In base 3, what is -12102121110110 + 20122?
-12102121012211
In base 10, what is 1107819 + -6?
1107813
In base 2, what is 110010011010100 - -101000111?
110011000011011
In base 8, what is -12357 + 4634?
-5523
In base 5, what is -210320201 - 43?
-210320244
In base 13, what is cc5 + -2ca?
9c8
In base 11, what is -35783 + -2063?
-37836
In base 3, what is -2011100110 + -122001?
-2011222111
In base 7, what is 1315043 - 3162?
1311551
In base 5, what is 20100 - -12214?
32314
In base 6, what is -125411455 - -35?
-125411420
In base 3, what is -22001122 - 20200?
-22022022
In base 12, what is -1 + -4bba775?
-4bba776
In base 10, what is -360 + -27853?
-28213
In base 13, what is -13c + 11c29?
11aba
In base 3, what is -10000011002 - -1?
-10000011001
In base 5, what is -23301 - -2212210?
2133404
In base 11, what is 2038812 + -2?
2038810
In base 5, what is -11432043143 - -140?
-11432043003
In base 6, what is -1240400 + -32?
-1240432
In base 7, what is -46555232 + -21?
-46555253
In base 15, what is -3 + 9d0e88?
9d0e85
In base 5, what is -1242 + 432043240?
432041443
In base 6, what is -1312 + 1335513?
1334201
In base 7, what is -205114 - -654?
-204130
In base 11, what is 4 - -9237450a?
92374513
In base 9, what is -848673 + 18?
-848654
In base 4, what is -1002230132 - -220?
-1002223312
In base 13, what is -1 - -406198?
406197
In base 7, what is 1 - 61116354?
-61116353
In base 5, what is -2421421013 - 3?
-2421421021
In base 8, what is -11 - 135577767?
-135600000
In base 15, what is 2245db + 4a?
224636
In base 10, what is -7623225 - -4?
-7623221
In base 13, what is 4c8a22 + 61?
4c8a83
In base 7, what is 4212 - -2330141?
2334353
In base 14, what is -138a330d + 6?
-138a3307
In base 3, what is -21102010120 + -201201?
-21102212021
In base 14, what is -28cd10 + 27?
-28ccc7
In base 3, what is -1201120212201 + -20?
-1201120212221
In base 10, what is 1631779 - 2?
1631777
In base 12, what is -3 + a973480?
a973479
In base 12, what is 34628 - -a46?
35472
In base 3, what is -1200211201 + 102001?
-1200102200
In base 5, what is -414421123332 + 2?
-414421123330
In base 9, what is 3824 - -1405?
5330
In base 11, what is -6 + -44aa17?
-44aa22
In base 5, what is -11 + -41200114014?
-41200114030
In base 10, what is -565730221 + 2?
-565730219
In base 5, what is -200 + -33103004?
-33103204
In base 6, what is 0 - 4430455132?
-4430455132
In base 11, what is 121 - -918a7?
91a18
In base 6, what is 15424020 + -3533?
15420043
In base 13, what is 30ba69 + -13?
30ba56
In base 9, what is -13273 - 607?
-13881
In base 7, what is 2613301554 - -2?
2613301556
In base 14, what is -a45 + -180d?
-2454
In base 7, what is 3441400 - -2?
3441402
In base 8, what is 4016370040 - 0?
4016370040
In base 4, what is -1012 - 11020220?
-11021232
In base 5, what is 412434 + 12001?
424440
In base 12, what is -149 - 35a57?
-35ba4
In base 6, what is 10540330052 + 1?
10540330053
In base 4, what is 330 + 22223033?
22230023
In base 12, what is -341 + 115?
-228
In base 7, what is -3 + -13522363?
-13522366
In base 5, what is 2420 - -24414044?
24422014
In base 12, what is -1 - 30529828?
-30529829
In base 10, what is -562319057 + -2?
-562319059
In base 5, what is 1022 - 401331003?
-401324431
In base 6, what is -4032 - 300112?
-304144
In base 16, what is 29 + -128c3?
-1289a
In base 9, what is -142 + -781315?
-781457
In base 14, what is -4c072 + 30?
-4c042
In base 3, what is 1002002221011110 + 11?
1002002221011121
In base 9, what is -527545 + -52?
-527607
In base 2, what is -101101010 - -10001001010001?
10000011100111
In base 9, what is -1 + -107103136?
-107103137
In base 4, what is -200123200221 - 10?
-200123200231
In base 15, what is 6 - 17a643c?
-17a6436
In base 12, what is 79a - -8289?
8a67
In base 6, what is 1021214132 + -32?
1021214100
In base 9, what is -1872 + -60663?
-62645
In base 3, what is -20102 + 1222201022102?
1222201002000
In base 2, what is -10111111110001111011000100 + -101?
-10111111110001111011001001
In base 16, what is 4880 + 3b5?
4c35
In base 10, what is 1063780 - -5?
1063785
In base 13, what is 50c6907 + -6?
50c6901
In base 10, what is -69 + 1118163?
1118094
In base 14, what is 8144 + 193?
82d7
In base 8, what is -6005034 + 3?
-6005031
In base 10, what is 2854455 + 3?
2854458
In base 6, what is -54 - -141140214?
141140120
In base 11, what is -41995118 - 3?
-41995120
In base 15, what is -cd3c - 300?
-d13c
In base 3, what